{"id":1170,"date":"2017-08-28T13:41:49","date_gmt":"2017-08-28T13:41:49","guid":{"rendered":"http:\/\/www.lebenlernen.com\/sek_schneidlingen\/?page_id=1170"},"modified":"2025-11-11T16:02:55","modified_gmt":"2025-11-11T16:02:55","slug":"schuelerzeitung","status":"publish","type":"page","link":"https:\/\/www.lebenlernen.com\/sek_schneidlingen\/schuelerzeitung\/","title":{"rendered":"Sch\u00fclerzeitung"},"content":{"rendered":"\n<figure class=\"wp-block-image size-large is-resized\"><a href=\"https:\/\/www.lebenlernen.com\/sek_schneidlingen\/wp-content\/uploads\/2025\/11\/IMG_5465.jpeg\"><img loading=\"lazy\" decoding=\"async\" width=\"720\" height=\"1024\" src=\"https:\/\/www.lebenlernen.com\/sek_schneidlingen\/wp-content\/uploads\/2025\/11\/IMG_5465-720x1024.jpeg\" alt=\"\" class=\"wp-image-2761\" style=\"width:840px;height:auto\" srcset=\"https:\/\/www.lebenlernen.com\/sek_schneidlingen\/wp-content\/uploads\/2025\/11\/IMG_5465-720x1024.jpeg 720w, https:\/\/www.lebenlernen.com\/sek_schneidlingen\/wp-content\/uploads\/2025\/11\/IMG_5465-211x300.jpeg 211w, https:\/\/www.lebenlernen.com\/sek_schneidlingen\/wp-content\/uploads\/2025\/11\/IMG_5465-768x1092.jpeg 768w, https:\/\/www.lebenlernen.com\/sek_schneidlingen\/wp-content\/uploads\/2025\/11\/IMG_5465-1080x1536.jpeg 1080w, https:\/\/www.lebenlernen.com\/sek_schneidlingen\/wp-content\/uploads\/2025\/11\/IMG_5465-1440x2048.jpeg 1440w, https:\/\/www.lebenlernen.com\/sek_schneidlingen\/wp-content\/uploads\/2025\/11\/IMG_5465.jpeg 1695w\" sizes=\"auto, (max-width: 720px) 100vw, 720px\" \/><\/a><\/figure>\n\n\n\n<figure class=\"wp-block-gallery has-nested-images columns-default is-cropped wp-block-gallery-1 is-layout-flex wp-block-gallery-is-layout-flex\">\n<figure class=\"wp-block-image size-large\"><a href=\"https:\/\/www.lebenlernen.com\/sek_schneidlingen\/wp-content\/uploads\/2025\/11\/img_5476.jpeg\"><img loading=\"lazy\" decoding=\"async\" width=\"764\" height=\"1024\" data-id=\"2764\" src=\"https:\/\/www.lebenlernen.com\/sek_schneidlingen\/wp-content\/uploads\/2025\/11\/img_5476-764x1024.jpeg\" alt=\"\" class=\"wp-image-2764\" srcset=\"https:\/\/www.lebenlernen.com\/sek_schneidlingen\/wp-content\/uploads\/2025\/11\/img_5476-764x1024.jpeg 764w, https:\/\/www.lebenlernen.com\/sek_schneidlingen\/wp-content\/uploads\/2025\/11\/img_5476-224x300.jpeg 224w, https:\/\/www.lebenlernen.com\/sek_schneidlingen\/wp-content\/uploads\/2025\/11\/img_5476-768x1029.jpeg 768w, https:\/\/www.lebenlernen.com\/sek_schneidlingen\/wp-content\/uploads\/2025\/11\/img_5476-1146x1536.jpeg 1146w, https:\/\/www.lebenlernen.com\/sek_schneidlingen\/wp-content\/uploads\/2025\/11\/img_5476-1529x2048.jpeg 1529w, https:\/\/www.lebenlernen.com\/sek_schneidlingen\/wp-content\/uploads\/2025\/11\/img_5476.jpeg 1686w\" sizes=\"auto, (max-width: 764px) 100vw, 764px\" \/><\/a><\/figure>\n\n\n\n<figure class=\"wp-block-image size-large\"><a href=\"https:\/\/www.lebenlernen.com\/sek_schneidlingen\/wp-content\/uploads\/2025\/11\/img_5477.jpeg\"><img loading=\"lazy\" decoding=\"async\" width=\"769\" height=\"1024\" data-id=\"2765\" src=\"https:\/\/www.lebenlernen.com\/sek_schneidlingen\/wp-content\/uploads\/2025\/11\/img_5477-769x1024.jpeg\" alt=\"\" class=\"wp-image-2765\" srcset=\"https:\/\/www.lebenlernen.com\/sek_schneidlingen\/wp-content\/uploads\/2025\/11\/img_5477-769x1024.jpeg 769w, https:\/\/www.lebenlernen.com\/sek_schneidlingen\/wp-content\/uploads\/2025\/11\/img_5477-225x300.jpeg 225w, https:\/\/www.lebenlernen.com\/sek_schneidlingen\/wp-content\/uploads\/2025\/11\/img_5477-768x1023.jpeg 768w, https:\/\/www.lebenlernen.com\/sek_schneidlingen\/wp-content\/uploads\/2025\/11\/img_5477-1153x1536.jpeg 1153w, https:\/\/www.lebenlernen.com\/sek_schneidlingen\/wp-content\/uploads\/2025\/11\/img_5477-1537x2048.jpeg 1537w, https:\/\/www.lebenlernen.com\/sek_schneidlingen\/wp-content\/uploads\/2025\/11\/img_5477.jpeg 1695w\" sizes=\"auto, (max-width: 769px) 100vw, 769px\" \/><\/a><\/figure>\n\n\n\n<figure class=\"wp-block-image size-large\"><a href=\"https:\/\/www.lebenlernen.com\/sek_schneidlingen\/wp-content\/uploads\/2025\/11\/img_5480.jpeg\"><img loading=\"lazy\" decoding=\"async\" width=\"763\" height=\"1024\" data-id=\"2766\" src=\"https:\/\/www.lebenlernen.com\/sek_schneidlingen\/wp-content\/uploads\/2025\/11\/img_5480-763x1024.jpeg\" alt=\"\" class=\"wp-image-2766\" srcset=\"https:\/\/www.lebenlernen.com\/sek_schneidlingen\/wp-content\/uploads\/2025\/11\/img_5480-763x1024.jpeg 763w, https:\/\/www.lebenlernen.com\/sek_schneidlingen\/wp-content\/uploads\/2025\/11\/img_5480-224x300.jpeg 224w, https:\/\/www.lebenlernen.com\/sek_schneidlingen\/wp-content\/uploads\/2025\/11\/img_5480-768x1030.jpeg 768w, https:\/\/www.lebenlernen.com\/sek_schneidlingen\/wp-content\/uploads\/2025\/11\/img_5480-1145x1536.jpeg 1145w, https:\/\/www.lebenlernen.com\/sek_schneidlingen\/wp-content\/uploads\/2025\/11\/img_5480-1526x2048.jpeg 1526w, https:\/\/www.lebenlernen.com\/sek_schneidlingen\/wp-content\/uploads\/2025\/11\/img_5480.jpeg 1697w\" sizes=\"auto, (max-width: 763px) 100vw, 763px\" \/><\/a><\/figure>\n\n\n\n<figure class=\"wp-block-image size-large\"><a href=\"https:\/\/www.lebenlernen.com\/sek_schneidlingen\/wp-content\/uploads\/2025\/11\/img_5481.jpeg\"><img loading=\"lazy\" decoding=\"async\" width=\"744\" height=\"1024\" data-id=\"2767\" src=\"https:\/\/www.lebenlernen.com\/sek_schneidlingen\/wp-content\/uploads\/2025\/11\/img_5481-744x1024.jpeg\" alt=\"\" class=\"wp-image-2767\" srcset=\"https:\/\/www.lebenlernen.com\/sek_schneidlingen\/wp-content\/uploads\/2025\/11\/img_5481-744x1024.jpeg 744w, https:\/\/www.lebenlernen.com\/sek_schneidlingen\/wp-content\/uploads\/2025\/11\/img_5481-218x300.jpeg 218w, https:\/\/www.lebenlernen.com\/sek_schneidlingen\/wp-content\/uploads\/2025\/11\/img_5481-768x1057.jpeg 768w, https:\/\/www.lebenlernen.com\/sek_schneidlingen\/wp-content\/uploads\/2025\/11\/img_5481-1116x1536.jpeg 1116w, https:\/\/www.lebenlernen.com\/sek_schneidlingen\/wp-content\/uploads\/2025\/11\/img_5481-1488x2048.jpeg 1488w, https:\/\/www.lebenlernen.com\/sek_schneidlingen\/wp-content\/uploads\/2025\/11\/img_5481.jpeg 1651w\" sizes=\"auto, (max-width: 744px) 100vw, 744px\" \/><\/a><\/figure>\n\n\n\n<figure class=\"wp-block-image size-large\"><a href=\"https:\/\/www.lebenlernen.com\/sek_schneidlingen\/wp-content\/uploads\/2025\/11\/img_5482.jpeg\"><img loading=\"lazy\" decoding=\"async\" width=\"730\" height=\"1024\" data-id=\"2768\" src=\"https:\/\/www.lebenlernen.com\/sek_schneidlingen\/wp-content\/uploads\/2025\/11\/img_5482-730x1024.jpeg\" alt=\"\" class=\"wp-image-2768\" srcset=\"https:\/\/www.lebenlernen.com\/sek_schneidlingen\/wp-content\/uploads\/2025\/11\/img_5482-730x1024.jpeg 730w, https:\/\/www.lebenlernen.com\/sek_schneidlingen\/wp-content\/uploads\/2025\/11\/img_5482-214x300.jpeg 214w, https:\/\/www.lebenlernen.com\/sek_schneidlingen\/wp-content\/uploads\/2025\/11\/img_5482-768x1078.jpeg 768w, https:\/\/www.lebenlernen.com\/sek_schneidlingen\/wp-content\/uploads\/2025\/11\/img_5482-1094x1536.jpeg 1094w, https:\/\/www.lebenlernen.com\/sek_schneidlingen\/wp-content\/uploads\/2025\/11\/img_5482-1459x2048.jpeg 1459w, https:\/\/www.lebenlernen.com\/sek_schneidlingen\/wp-content\/uploads\/2025\/11\/img_5482.jpeg 1626w\" sizes=\"auto, (max-width: 730px) 100vw, 730px\" \/><\/a><\/figure>\n<\/figure>\n\n\n\n<figure class=\"wp-block-gallery has-nested-images columns-default is-cropped wp-block-gallery-2 is-layout-flex wp-block-gallery-is-layout-flex\">\n<figure class=\"wp-block-image size-large is-style-default\"><a href=\"https:\/\/www.lebenlernen.com\/sek_schneidlingen\/wp-content\/uploads\/2025\/11\/IMG_5463.jpeg\"><img loading=\"lazy\" decoding=\"async\" width=\"719\" height=\"1024\" data-id=\"2762\" src=\"https:\/\/www.lebenlernen.com\/sek_schneidlingen\/wp-content\/uploads\/2025\/11\/IMG_5463-719x1024.jpeg\" alt=\"\" class=\"wp-image-2762\" srcset=\"https:\/\/www.lebenlernen.com\/sek_schneidlingen\/wp-content\/uploads\/2025\/11\/IMG_5463-719x1024.jpeg 719w, https:\/\/www.lebenlernen.com\/sek_schneidlingen\/wp-content\/uploads\/2025\/11\/IMG_5463-211x300.jpeg 211w, https:\/\/www.lebenlernen.com\/sek_schneidlingen\/wp-content\/uploads\/2025\/11\/IMG_5463-768x1094.jpeg 768w, https:\/\/www.lebenlernen.com\/sek_schneidlingen\/wp-content\/uploads\/2025\/11\/IMG_5463-1079x1536.jpeg 1079w, https:\/\/www.lebenlernen.com\/sek_schneidlingen\/wp-content\/uploads\/2025\/11\/IMG_5463-1438x2048.jpeg 1438w, https:\/\/www.lebenlernen.com\/sek_schneidlingen\/wp-content\/uploads\/2025\/11\/IMG_5463.jpeg 1559w\" sizes=\"auto, (max-width: 719px) 100vw, 719px\" \/><\/a><\/figure>\n<\/figure>\n\n\n\n<div class=\"wp-block-cover\"><img loading=\"lazy\" decoding=\"async\" width=\"758\" height=\"1024\" class=\"wp-block-cover__image-background wp-image-2763\" alt=\"\" src=\"https:\/\/www.lebenlernen.com\/sek_schneidlingen\/wp-content\/uploads\/2025\/11\/img_5466-758x1024.jpeg\" data-object-fit=\"cover\" srcset=\"https:\/\/www.lebenlernen.com\/sek_schneidlingen\/wp-content\/uploads\/2025\/11\/img_5466-758x1024.jpeg 758w, https:\/\/www.lebenlernen.com\/sek_schneidlingen\/wp-content\/uploads\/2025\/11\/img_5466-222x300.jpeg 222w, https:\/\/www.lebenlernen.com\/sek_schneidlingen\/wp-content\/uploads\/2025\/11\/img_5466-768x1038.jpeg 768w, https:\/\/www.lebenlernen.com\/sek_schneidlingen\/wp-content\/uploads\/2025\/11\/img_5466-1137x1536.jpeg 1137w, https:\/\/www.lebenlernen.com\/sek_schneidlingen\/wp-content\/uploads\/2025\/11\/img_5466-1515x2048.jpeg 1515w, https:\/\/www.lebenlernen.com\/sek_schneidlingen\/wp-content\/uploads\/2025\/11\/img_5466.jpeg 1696w\" sizes=\"auto, (max-width: 758px) 100vw, 758px\" \/><span aria-hidden=\"true\" class=\"wp-block-cover__background has-background-dim\"><\/span><div class=\"wp-block-cover__inner-container is-layout-flow wp-block-cover-is-layout-flow\">\n<p class=\"has-text-align-center has-large-font-size\"><\/p>\n<\/div><\/div>\n\n\n\n<figure class=\"wp-block-gallery has-nested-images columns-default is-cropped wp-block-gallery-3 is-layout-flex wp-block-gallery-is-layout-flex\">\n<figure class=\"wp-block-image size-large\"><a href=\"https:\/\/www.lebenlernen.com\/sek_schneidlingen\/wp-content\/uploads\/2023\/11\/IMG_2185-2-scaled.jpeg\"><img loading=\"lazy\" decoding=\"async\" width=\"734\" height=\"1024\" data-id=\"2510\" src=\"https:\/\/www.lebenlernen.com\/sek_schneidlingen\/wp-content\/uploads\/2023\/11\/IMG_2185-2-734x1024.jpeg\" alt=\"\" class=\"wp-image-2510\" srcset=\"https:\/\/www.lebenlernen.com\/sek_schneidlingen\/wp-content\/uploads\/2023\/11\/IMG_2185-2-734x1024.jpeg 734w, https:\/\/www.lebenlernen.com\/sek_schneidlingen\/wp-content\/uploads\/2023\/11\/IMG_2185-2-215x300.jpeg 215w, https:\/\/www.lebenlernen.com\/sek_schneidlingen\/wp-content\/uploads\/2023\/11\/IMG_2185-2-768x1072.jpeg 768w, https:\/\/www.lebenlernen.com\/sek_schneidlingen\/wp-content\/uploads\/2023\/11\/IMG_2185-2-1101x1536.jpeg 1101w, https:\/\/www.lebenlernen.com\/sek_schneidlingen\/wp-content\/uploads\/2023\/11\/IMG_2185-2-1468x2048.jpeg 1468w, https:\/\/www.lebenlernen.com\/sek_schneidlingen\/wp-content\/uploads\/2023\/11\/IMG_2185-2-scaled.jpeg 1834w\" sizes=\"auto, (max-width: 734px) 100vw, 734px\" \/><\/a><\/figure>\n<\/figure>\n\n\n\n<p><\/p>\n\n\n\n<figure class=\"wp-block-image size-full\"><a href=\"https:\/\/www.lebenlernen.com\/sek_schneidlingen\/wp-content\/uploads\/2022\/07\/2f8099c9-5029-42c4-9ce6-e8929938c139.jpeg\"><img loading=\"lazy\" decoding=\"async\" width=\"524\" height=\"640\" src=\"https:\/\/www.lebenlernen.com\/sek_schneidlingen\/wp-content\/uploads\/2022\/07\/2f8099c9-5029-42c4-9ce6-e8929938c139.jpeg\" alt=\"\" class=\"wp-image-2402\" srcset=\"https:\/\/www.lebenlernen.com\/sek_schneidlingen\/wp-content\/uploads\/2022\/07\/2f8099c9-5029-42c4-9ce6-e8929938c139.jpeg 524w, https:\/\/www.lebenlernen.com\/sek_schneidlingen\/wp-content\/uploads\/2022\/07\/2f8099c9-5029-42c4-9ce6-e8929938c139-246x300.jpeg 246w\" sizes=\"auto, (max-width: 524px) 100vw, 524px\" \/><\/a><\/figure>\n\n\n\n<p>\u201eDas muss man erst einmal hinkriegen!\u201c<br>Unsere Sch\u00fclerzeitung Reality of School gewinnt zum vierten Mal die \u201cGoldene Feder\u201d im Bereich Sekundarschulen<br>Am 01.07.2022 fuhr ein Teil unserer Redaktion (Kl. 5: Holly Sarnow, Paul Schnock, Marisol Stange; Kl. 7: Lina Hansen, Josefine Leukert, Stephanie Schmiedecke, Kl. 8: Joana Becker, Vincent Hosang, Emily Roach, Lilli Weile) in Begleitung von Frau G\u00f6rling und Frau Litzenberger nach Magdeburg. Fjp-Media hatte von 11 bis 14 Uhr\u2014 nach zweij\u00e4hrigen Corona-Pause \u2014 zur Verleihung in den Moritzhof eingeladen.<br>Gegen 12:30 Uhr konnten wir jubeln: Gewonnen!<br>Marc Raths (Chefredakteur der Mitteldeutschen Zeitung) Laudatio hob besonders die Aktualit\u00e4t des Leitthemas und das Layout hervor. \u201eDie Welt ist aus den Fugen\u201c \u2014 obwohl von 2021 \u2014 k\u00f6nne es auch in die heutige Zeit passen: \u201eDie Themen, die ihr ausgew\u00e4hlt haben, zeigen wie sehr die Welt in eine Schieflage geraten ist.\u201c Lobend erw\u00e4hnt wurde u. a. der sehr pers\u00f6nliche Artikel zur #black lives matter-Bewegung. Das Layout \u00fcberzeuge, sodass der Leser sich bei all der Themenvielfalt nicht verloren vorkomme. Kurz: \u201eein ganz tolles Magazin\u201c.<br>Damit ist Reality of School<br>\u2022 viermaliger Sieger der \u201eGoldenen Feder\u201c (2015, 2018, 2020, 2021),<br>\u2022 einmaliger Gewinner des \u201eWir sind stark\u201c-Preises des Sozialministeriums (2019) \u2022 und einmaliger Gewinner der F\u00f6rderpreises der L\u00e4nder (2021).<\/p>\n\n\n\n<p><br>S. Litzenberger f\u00fcr \u201cReality of School\u201d<\/p>\n\n\n\n\n\n<figure class=\"wp-block-image size-large\"><img loading=\"lazy\" decoding=\"async\" width=\"815\" height=\"1024\" src=\"https:\/\/www.lebenlernen.com\/sek_schneidlingen\/wp-content\/uploads\/2020\/03\/14f6cfe0-4293-40ff-ba64-6df206822357-815x1024.jpeg\" alt=\"\" class=\"wp-image-1877\" srcset=\"https:\/\/www.lebenlernen.com\/sek_schneidlingen\/wp-content\/uploads\/2020\/03\/14f6cfe0-4293-40ff-ba64-6df206822357-815x1024.jpeg 815w, https:\/\/www.lebenlernen.com\/sek_schneidlingen\/wp-content\/uploads\/2020\/03\/14f6cfe0-4293-40ff-ba64-6df206822357-239x300.jpeg 239w, https:\/\/www.lebenlernen.com\/sek_schneidlingen\/wp-content\/uploads\/2020\/03\/14f6cfe0-4293-40ff-ba64-6df206822357-768x966.jpeg 768w, https:\/\/www.lebenlernen.com\/sek_schneidlingen\/wp-content\/uploads\/2020\/03\/14f6cfe0-4293-40ff-ba64-6df206822357-1222x1536.jpeg 1222w, https:\/\/www.lebenlernen.com\/sek_schneidlingen\/wp-content\/uploads\/2020\/03\/14f6cfe0-4293-40ff-ba64-6df206822357-1629x2048.jpeg 1629w, https:\/\/www.lebenlernen.com\/sek_schneidlingen\/wp-content\/uploads\/2020\/03\/14f6cfe0-4293-40ff-ba64-6df206822357.jpeg 1668w\" sizes=\"auto, (max-width: 815px) 100vw, 815px\" \/><\/figure>\n\n\n\n<figure class=\"wp-block-gallery has-nested-images columns-1 is-cropped wp-block-gallery-4 is-layout-flex wp-block-gallery-is-layout-flex\">\n<figure class=\"wp-block-image size-large\"><img loading=\"lazy\" decoding=\"async\" width=\"826\" height=\"1024\" data-id=\"1883\" src=\"https:\/\/www.lebenlernen.com\/sek_schneidlingen\/wp-content\/uploads\/2020\/03\/2524EE6E-6273-4483-835A-830868DA92D8-826x1024.jpeg\" alt=\"\" class=\"wp-image-1883\" srcset=\"https:\/\/www.lebenlernen.com\/sek_schneidlingen\/wp-content\/uploads\/2020\/03\/2524EE6E-6273-4483-835A-830868DA92D8-826x1024.jpeg 826w, https:\/\/www.lebenlernen.com\/sek_schneidlingen\/wp-content\/uploads\/2020\/03\/2524EE6E-6273-4483-835A-830868DA92D8-242x300.jpeg 242w, https:\/\/www.lebenlernen.com\/sek_schneidlingen\/wp-content\/uploads\/2020\/03\/2524EE6E-6273-4483-835A-830868DA92D8-768x952.jpeg 768w, https:\/\/www.lebenlernen.com\/sek_schneidlingen\/wp-content\/uploads\/2020\/03\/2524EE6E-6273-4483-835A-830868DA92D8-1240x1536.jpeg 1240w, https:\/\/www.lebenlernen.com\/sek_schneidlingen\/wp-content\/uploads\/2020\/03\/2524EE6E-6273-4483-835A-830868DA92D8-1653x2048.jpeg 1653w, https:\/\/www.lebenlernen.com\/sek_schneidlingen\/wp-content\/uploads\/2020\/03\/2524EE6E-6273-4483-835A-830868DA92D8.jpeg 1668w\" sizes=\"auto, (max-width: 826px) 100vw, 826px\" \/><\/figure>\n\n\n\n<figure class=\"wp-block-image size-large\"><img loading=\"lazy\" decoding=\"async\" width=\"825\" height=\"1024\" data-id=\"1884\" src=\"https:\/\/www.lebenlernen.com\/sek_schneidlingen\/wp-content\/uploads\/2020\/03\/FF0460CA-346D-4F96-A6D9-453CC729BBB8-825x1024.jpeg\" alt=\"\" class=\"wp-image-1884\" srcset=\"https:\/\/www.lebenlernen.com\/sek_schneidlingen\/wp-content\/uploads\/2020\/03\/FF0460CA-346D-4F96-A6D9-453CC729BBB8-825x1024.jpeg 825w, https:\/\/www.lebenlernen.com\/sek_schneidlingen\/wp-content\/uploads\/2020\/03\/FF0460CA-346D-4F96-A6D9-453CC729BBB8-242x300.jpeg 242w, https:\/\/www.lebenlernen.com\/sek_schneidlingen\/wp-content\/uploads\/2020\/03\/FF0460CA-346D-4F96-A6D9-453CC729BBB8-768x954.jpeg 768w, https:\/\/www.lebenlernen.com\/sek_schneidlingen\/wp-content\/uploads\/2020\/03\/FF0460CA-346D-4F96-A6D9-453CC729BBB8-1237x1536.jpeg 1237w, https:\/\/www.lebenlernen.com\/sek_schneidlingen\/wp-content\/uploads\/2020\/03\/FF0460CA-346D-4F96-A6D9-453CC729BBB8-1649x2048.jpeg 1649w, https:\/\/www.lebenlernen.com\/sek_schneidlingen\/wp-content\/uploads\/2020\/03\/FF0460CA-346D-4F96-A6D9-453CC729BBB8.jpeg 1668w\" sizes=\"auto, (max-width: 825px) 100vw, 825px\" \/><\/figure>\n\n\n\n<figure class=\"wp-block-image size-large\"><img loading=\"lazy\" decoding=\"async\" width=\"768\" height=\"1024\" data-id=\"1885\" src=\"https:\/\/www.lebenlernen.com\/sek_schneidlingen\/wp-content\/uploads\/2020\/03\/7F172E3A-BF12-41D7-95B1-D13D52107754-768x1024.jpeg\" alt=\"\" class=\"wp-image-1885\" srcset=\"https:\/\/www.lebenlernen.com\/sek_schneidlingen\/wp-content\/uploads\/2020\/03\/7F172E3A-BF12-41D7-95B1-D13D52107754-768x1024.jpeg 768w, https:\/\/www.lebenlernen.com\/sek_schneidlingen\/wp-content\/uploads\/2020\/03\/7F172E3A-BF12-41D7-95B1-D13D52107754-225x300.jpeg 225w, https:\/\/www.lebenlernen.com\/sek_schneidlingen\/wp-content\/uploads\/2020\/03\/7F172E3A-BF12-41D7-95B1-D13D52107754-1152x1536.jpeg 1152w, https:\/\/www.lebenlernen.com\/sek_schneidlingen\/wp-content\/uploads\/2020\/03\/7F172E3A-BF12-41D7-95B1-D13D52107754-1536x2048.jpeg 1536w, https:\/\/www.lebenlernen.com\/sek_schneidlingen\/wp-content\/uploads\/2020\/03\/7F172E3A-BF12-41D7-95B1-D13D52107754.jpeg 1668w\" sizes=\"auto, (max-width: 768px) 100vw, 768px\" \/><\/figure>\n<\/figure>\n\n\n\n<p><\/p>\n","protected":false},"excerpt":{"rendered":"<p>\u201eDas muss man erst einmal hinkriegen!\u201cUnsere Sch\u00fclerzeitung Reality of School gewinnt zum vierten Mal die \u201cGoldene Feder\u201d im Bereich SekundarschulenAm 01.07.2022 fuhr ein Teil unserer Redaktion (Kl. 5: Holly Sarnow, Paul Schnock, Marisol Stange; Kl. 7: Lina Hansen, Josefine Leukert, Stephanie Schmiedecke, Kl. 8: Joana Becker, Vincent Hosang, Emily Roach, Lilli Weile) in Begleitung von<\/p>\n<div><a class=\"btn-filled btn\" href=\"https:\/\/www.lebenlernen.com\/sek_schneidlingen\/schuelerzeitung\/\" title=\"Sch\u00fclerzeitung\">Read More<\/a><\/div>\n","protected":false},"author":3,"featured_media":0,"parent":0,"menu_order":0,"comment_status":"closed","ping_status":"closed","template":"","meta":{"ngg_post_thumbnail":0,"_mc_calendar":[],"footnotes":""},"class_list":["post-1170","page","type-page","status-publish","hentry"],"_links":{"self":[{"href":"https:\/\/www.lebenlernen.com\/sek_schneidlingen\/wp-json\/wp\/v2\/pages\/1170","targetHints":{"allow":["GET"]}}],"collection":[{"href":"https:\/\/www.lebenlernen.com\/sek_schneidlingen\/wp-json\/wp\/v2\/pages"}],"about":[{"href":"https:\/\/www.lebenlernen.com\/sek_schneidlingen\/wp-json\/wp\/v2\/types\/page"}],"author":[{"embeddable":true,"href":"https:\/\/www.lebenlernen.com\/sek_schneidlingen\/wp-json\/wp\/v2\/users\/3"}],"replies":[{"embeddable":true,"href":"https:\/\/www.lebenlernen.com\/sek_schneidlingen\/wp-json\/wp\/v2\/comments?post=1170"}],"version-history":[{"count":9,"href":"https:\/\/www.lebenlernen.com\/sek_schneidlingen\/wp-json\/wp\/v2\/pages\/1170\/revisions"}],"predecessor-version":[{"id":2811,"href":"https:\/\/www.lebenlernen.com\/sek_schneidlingen\/wp-json\/wp\/v2\/pages\/1170\/revisions\/2811"}],"wp:attachment":[{"href":"https:\/\/www.lebenlernen.com\/sek_schneidlingen\/wp-json\/wp\/v2\/media?parent=1170"}],"curies":[{"name":"wp","href":"https:\/\/api.w.org\/{rel}","templated":true}]}}