{"id":5836,"date":"2021-09-07T11:36:33","date_gmt":"2021-09-07T11:36:33","guid":{"rendered":"https:\/\/www.lebenlernen.com\/sek_magdeburg\/?page_id=5836"},"modified":"2021-12-07T13:22:47","modified_gmt":"2021-12-07T13:22:47","slug":"mietra","status":"publish","type":"page","link":"https:\/\/www.lebenlernen.com\/sek_magdeburg\/elterninformationen\/mietra\/","title":{"rendered":"Informationen zu Mietra"},"content":{"rendered":"\n<p>An unserer Schule stehen Mietra-Schlie\u00dff\u00e4cher f\u00fcr unsere Sch\u00fcler*innen bereit.<br>Schulsachen wie Sportbekleidung, Zeichenmaterialien und Schulb\u00fccher sowie pers\u00f6nliche Wertgegenst\u00e4nde k\u00f6nnen in einem Schlie\u00dffach sicher verstaut werden. Der R\u00fccken wird entlastetet und die Sch\u00fcler k\u00f6nnen sich deutlich unbeschwerter im Schulhaus bewegen.<br>Einfach auf den Link klicken.<br><a href=\"https:\/\/www.schliessfaecher.de\/de\/pages\/service-fuer-mieter\/mieten\/?School=Sekundarschule+LebenLernen&amp;Place=Magdeburg\" target=\"_blank\" rel=\"noreferrer noopener\">https:\/\/www.schliessfaecher.de\/de\/pages\/service-fuer-mieter\/mieten\/?School=Sekundarschule+LebenLernen&amp;Place=Magdeburg<\/a><\/p>\n","protected":false},"excerpt":{"rendered":"<p>An unserer Schule stehen Mietra-Schlie\u00dff\u00e4cher f\u00fcr unsere Sch\u00fcler*innen bereit.Schulsachen wie Sportbekleidung, Zeichenmaterialien und Schulb\u00fccher sowie pers\u00f6nliche Wertgegenst\u00e4nde k\u00f6nnen in einem Schlie\u00dffach sicher verstaut werden. Der R\u00fccken wird entlastetet und die Sch\u00fcler k\u00f6nnen sich deutlich unbeschwerter im Schulhaus bewegen.Einfach auf den Link klicken.https:\/\/www.schliessfaecher.de\/de\/pages\/service-fuer-mieter\/mieten\/?School=Sekundarschule+LebenLernen&amp;Place=Magdeburg<\/p>\n","protected":false},"author":2,"featured_media":0,"parent":5921,"menu_order":0,"comment_status":"closed","ping_status":"closed","template":"","meta":{"ngg_post_thumbnail":0,"footnotes":""},"class_list":["post-5836","page","type-page","status-publish","hentry"],"_links":{"self":[{"href":"https:\/\/www.lebenlernen.com\/sek_magdeburg\/wp-json\/wp\/v2\/pages\/5836","targetHints":{"allow":["GET"]}}],"collection":[{"href":"https:\/\/www.lebenlernen.com\/sek_magdeburg\/wp-json\/wp\/v2\/pages"}],"about":[{"href":"https:\/\/www.lebenlernen.com\/sek_magdeburg\/wp-json\/wp\/v2\/types\/page"}],"author":[{"embeddable":true,"href":"https:\/\/www.lebenlernen.com\/sek_magdeburg\/wp-json\/wp\/v2\/users\/2"}],"replies":[{"embeddable":true,"href":"https:\/\/www.lebenlernen.com\/sek_magdeburg\/wp-json\/wp\/v2\/comments?post=5836"}],"version-history":[{"count":0,"href":"https:\/\/www.lebenlernen.com\/sek_magdeburg\/wp-json\/wp\/v2\/pages\/5836\/revisions"}],"up":[{"embeddable":true,"href":"https:\/\/www.lebenlernen.com\/sek_magdeburg\/wp-json\/wp\/v2\/pages\/5921"}],"wp:attachment":[{"href":"https:\/\/www.lebenlernen.com\/sek_magdeburg\/wp-json\/wp\/v2\/media?parent=5836"}],"curies":[{"name":"wp","href":"https:\/\/api.w.org\/{rel}","templated":true}]}}