{"id":2683,"date":"2015-06-29T07:32:11","date_gmt":"2015-06-29T07:32:11","guid":{"rendered":"http:\/\/www.lebenlernen.com\/sek_magdeburg\/?page_id=2683"},"modified":"2026-02-18T11:21:48","modified_gmt":"2026-02-18T11:21:48","slug":"stundenplaene","status":"publish","type":"page","link":"https:\/\/www.lebenlernen.com\/sek_magdeburg\/elterninformationen\/stundenplaene\/","title":{"rendered":"Termine 2025\/26"},"content":{"rendered":"\n<figure class=\"wp-block-table\"><table  class=\"has-fixed-layout table table-hover\" ><tbody><tr><td><strong><u>Februar<\/u><\/strong><\/td><td><\/td><\/tr><tr><td>02.02.26 bis 06.02.26<\/td><td><strong>Winterferien<\/strong><\/td><\/tr><tr><td>11.02.26<\/td><td>VERA 8 NaWi<\/td><\/tr><tr><td>11.02.26<\/td><td>Wintermarkt<\/td><\/tr><tr><td>16.02. &#8211; 27.02.26<\/td><td>Praktikum Klasse 8<\/td><\/tr><tr><td>18.02.- 20.02.26<\/td><td>Schnupperpraktikum Klasse 6<\/td><\/tr><tr><td>19.02.26<\/td><td>Besuch der Synagoge Kl. 10a\/b<\/td><\/tr><tr><td>23.02.-27.02.26<\/td><td>BRAFO Kl.7 a\/b<\/td><\/tr><tr><td><\/td><td><\/td><\/tr><tr><td><strong><u>M\u00e4rz<\/u><\/strong><\/td><td><\/td><\/tr><tr><td>02.03.26<\/td><td>10. Kl. <strong>Vorpr\u00fcfung D<\/strong><\/td><\/tr><tr><td>04.03.26<\/td><td>10. Kl. <strong>Vorpr\u00fcfung En<\/strong><\/td><\/tr><tr><td>06.03.26<\/td><td>10. Kl. <strong>Vorpr\u00fcfung Ma<\/strong><\/td><\/tr><tr><td>11.03.26<\/td><td>eventuell 2. Elternabend Kl. 5-10 (in Planung)<\/td><\/tr><tr><td><\/td><td><\/td><\/tr><tr><td><strong><u>April<\/u><\/strong><\/td><td><\/td><\/tr><tr><td>07.04.26<\/td><td>BRAFO Kl. 7 Auswertung<\/td><\/tr><tr><td>07.04.26<\/td><td>Beginn Intensivtage Kl.10 (bis 10.04.26)<\/td><\/tr><tr><td>08.04.26<\/td><td>2. Gesamtkonferenz (15:30 Uhr)<\/td><\/tr><tr><td>09.04.26<\/td><td>Projekt pro familia Kl. 8<\/td><\/tr><tr><td>13.04.26<\/td><td>schriftliche Pr\u00fcfung<strong> D<\/strong> Kl. 10<\/td><\/tr><tr><td>15.04.26<\/td><td>schriftliche Pr\u00fcfung<strong> Eng<\/strong> Kl. 10<\/td><\/tr><tr><td>17.04.26<\/td><td>schriftliche Pr\u00fcfung<strong> Ma<\/strong> Kl. 10<\/td><\/tr><tr><td>20.04.26 &#8211; 24.04.26<\/td><td>10. Klasse Abschlussfahrt<\/td><\/tr><tr><td>20.04.-22.04.26<\/td><td>Klassenfahrt Klasse 5a\/b<\/td><\/tr><tr><td>23.04.26<\/td><td>Zukunftstag<\/td><\/tr><tr><td><\/td><td><\/td><\/tr><tr><td><strong><u>Mai<\/u><\/strong><\/td><td><\/td><\/tr><tr><td>05.05.26<\/td><td>Projekt Drobs 7a<\/td><\/tr><tr><td>07.05.26<\/td><td>Projekt Drobs 7b<\/td><\/tr><tr><td>11.05.-13.05.26<\/td><td>Klassenfahrt Kl. 9a\/b<\/td><\/tr><tr><td>12.05.26<\/td><td>ZKA 6. Klasse D (verpflichtend)<\/td><\/tr><tr><td>13.05.26<\/td><td>Projekttag Kl. 9a\/b<\/td><\/tr><tr><td><strong>15.05.26<\/strong><\/td><td><strong>beweglicher Ferientag<\/strong><\/td><\/tr><tr><td>19.05.26<\/td><td>ZKA 6. Kl <strong>Eng<\/strong><\/td><\/tr><tr><td>20.05. &#8211; 22.05.26<\/td><td>Klassenfahrt Kl. 6<\/td><\/tr><tr><td><\/td><td>ZKA 6. Kl <strong>Ma<\/strong><\/td><\/tr><tr><td><\/td><td><\/td><\/tr><tr><td><strong><u>Juni<\/u><\/strong><\/td><td><\/td><\/tr><tr><td>01.06. &#8211; 05.06.26<\/td><td>Konsultationen Kl. 10<\/td><\/tr><tr><td>08.06.26<\/td><td>Beginn mdl. Pr\u00fcfungen<\/td><\/tr><tr><td>09.06.26<\/td><td>Kl. 8 Besuch azubi-spot<\/td><\/tr><tr><td>19.06.20<\/td><td>Megedeborch Kl. 6<\/td><\/tr><tr><td>24.06.26<\/td><td>Zensuren- und Abschlusskonferenz<\/td><\/tr><tr><td>25.06.26<\/td><td>Drobs Kl. 8<\/td><\/tr><tr><td>26.06.26<\/td><td>Abschlussfeier<\/td><\/tr><tr><td>29.06.26<\/td><td>Projektfahrt Isenschnibbe Kl.8<\/td><\/tr><tr><td><\/td><td><\/td><\/tr><tr><td><strong><u>Juli<\/u><\/strong><\/td><td><\/td><\/tr><tr><td>01.07.26<\/td><td><strong>Sommerfest <\/strong>(geplant)<\/td><\/tr><tr><td>03.07.26<\/td><td>Zeugnisse<\/td><\/tr><\/tbody><\/table><figcaption class=\"wp-element-caption\">Stand: Februar 2026<\/figcaption><\/figure>\n\n\n\n<p><\/p>\n\n\n\n<p><\/p>\n","protected":false},"excerpt":{"rendered":"<p>Februar 02.02.26 bis 06.02.26 Winterferien 11.02.26 VERA 8 NaWi 11.02.26 Wintermarkt 16.02. &#8211; 27.02.26 Praktikum Klasse 8 18.02.- 20.02.26 Schnupperpraktikum Klasse 6 19.02.26 Besuch der Synagoge Kl. 10a\/b 23.02.-27.02.26 BRAFO Kl.7 a\/b M\u00e4rz 02.03.26 10. Kl. Vorpr\u00fcfung D 04.03.26 10. Kl. Vorpr\u00fcfung En 06.03.26 10. Kl. Vorpr\u00fcfung Ma 11.03.26 eventuell 2. Elternabend Kl. 5-10 (in<\/p>\n<div><a class=\"btn-filled btn\" href=\"https:\/\/www.lebenlernen.com\/sek_magdeburg\/elterninformationen\/stundenplaene\/\" title=\"Termine 2025\/26\">Read More<\/a><\/div>\n","protected":false},"author":2,"featured_media":0,"parent":5921,"menu_order":0,"comment_status":"closed","ping_status":"closed","template":"","meta":{"ngg_post_thumbnail":0,"footnotes":""},"class_list":["post-2683","page","type-page","status-publish","hentry"],"_links":{"self":[{"href":"https:\/\/www.lebenlernen.com\/sek_magdeburg\/wp-json\/wp\/v2\/pages\/2683","targetHints":{"allow":["GET"]}}],"collection":[{"href":"https:\/\/www.lebenlernen.com\/sek_magdeburg\/wp-json\/wp\/v2\/pages"}],"about":[{"href":"https:\/\/www.lebenlernen.com\/sek_magdeburg\/wp-json\/wp\/v2\/types\/page"}],"author":[{"embeddable":true,"href":"https:\/\/www.lebenlernen.com\/sek_magdeburg\/wp-json\/wp\/v2\/users\/2"}],"replies":[{"embeddable":true,"href":"https:\/\/www.lebenlernen.com\/sek_magdeburg\/wp-json\/wp\/v2\/comments?post=2683"}],"version-history":[{"count":18,"href":"https:\/\/www.lebenlernen.com\/sek_magdeburg\/wp-json\/wp\/v2\/pages\/2683\/revisions"}],"predecessor-version":[{"id":7201,"href":"https:\/\/www.lebenlernen.com\/sek_magdeburg\/wp-json\/wp\/v2\/pages\/2683\/revisions\/7201"}],"up":[{"embeddable":true,"href":"https:\/\/www.lebenlernen.com\/sek_magdeburg\/wp-json\/wp\/v2\/pages\/5921"}],"wp:attachment":[{"href":"https:\/\/www.lebenlernen.com\/sek_magdeburg\/wp-json\/wp\/v2\/media?parent=2683"}],"curies":[{"name":"wp","href":"https:\/\/api.w.org\/{rel}","templated":true}]}}