{"id":25,"date":"2010-08-03T18:27:21","date_gmt":"2010-08-03T18:27:21","guid":{"rendered":"http:\/\/www.lebenlernen.com\/sek-magdeburg\/?page_id=25"},"modified":"2019-09-04T14:09:32","modified_gmt":"2019-09-04T14:09:32","slug":"impressum","status":"publish","type":"page","link":"https:\/\/www.lebenlernen.com\/sek_magdeburg\/kontakt\/impressum\/","title":{"rendered":"Impressum"},"content":{"rendered":"<table  class=\" table table-hover\" >\n<tbody>\n<tr>\n<td style=\"padding-right: 20px;\">&nbsp;<\/td>\n<td>Oskar K\u00e4mmer Schule Gemeinn\u00fctzige Bildungsgesellschaft mbH<br \/>\nJasperallee 23<br \/>\n38102 Braunschweig<\/td>\n<\/tr>\n<tr>\n<td style=\"padding-right: 20px;\">&nbsp;<\/td>\n<td>&nbsp;<\/td>\n<\/tr>\n<tr>\n<td style=\"padding-right: 20px;\">Tel.:<\/td>\n<td>0531 2211-0<\/td>\n<\/tr>\n<tr>\n<td style=\"padding-right: 20px;\">Fax:<\/td>\n<td>0531 2211-150<\/td>\n<\/tr>\n<tr>\n<td style=\"padding-right: 20px;\">E-Mail:<\/td>\n<td><a href=\"mailto:info@oks.de\">info@oks.de<\/a><\/td>\n<\/tr>\n<tr>\n<td style=\"padding-right: 20px;\">&nbsp;<\/td>\n<td>&nbsp;<\/td>\n<\/tr>\n<tr>\n<td style=\"padding-right: 20px;\">Gesch\u00e4ftsf\u00fchrung:<\/td>\n<td>Doris Masurek<\/td>\n<\/tr>\n<tr>\n<td style=\"padding-right: 20px;\">Handelsregister:<\/td>\n<td>HR B4685 AGer Braunschweig<\/td>\n<\/tr>\n<tr>\n<td style=\"padding-right: 20px;\">Steuer-Nummer:<\/td>\n<td>14\/203\/95103<\/td>\n<\/tr>\n<\/tbody>\n<\/table>\n<hr>\n<h3>Inhaltlich Verantwortlich:<\/h3>\n<p>Ingolf F\u00f6lsch<br \/>\nOskar K\u00e4mmer Schule<br \/>\nJasperallee 23<br \/>\n38102 Braunschweig<\/p>\n<hr>\n<h3>Urheberrecht:<\/h3>\n<p>Copyright 2018 LebenLernen. Alle Rechte vorbehalten. Der Inhalt einschlie\u00dflich Bilder und die Gestaltung dieser Website unterliegen dem Schutz des Urheberrechts und anderer Gesetze zum Schutz geistigen Eigentums. Die Verbreitung oder Ver\u00e4nderung des Inhalts dieser Seiten einschlie\u00dflich des so genannten Framings und \u00e4hnlicher Ma\u00dfnahmen ist nicht gestattet. Dar\u00fcber hinaus darf dieser Inhalt nicht zu kommerziellen Zwecken kopiert, verbreitet, ver\u00e4ndert oder Dritten zug\u00e4nglich gemacht werden<\/p>\n<h3>Haftungshinweis:<\/h3>\n<p>Auf die aktuelle und zuk\u00fcnftige Gestaltung, die Inhalte oder die Urheberschaft der verkn\u00fcpften Seiten hat der Autor keinerlei Einfluss. Deshalb distanziert er sich hiermit ausdr\u00fccklich von allen Inhalten aller verkn\u00fcpften Seiten, die nach der Linksetzung ver\u00e4ndert wurden. Diese Feststellung gilt f\u00fcr alle innerhalb des eigenen Internetangebotes gesetzten Links und Verweise sowie f\u00fcr Fremdeintr\u00e4ge in vom Autor eingerichteten G\u00e4steb\u00fcchern, Diskussionsforen und Mailinglisten. F\u00fcr illegale, fehlerhafte oder unvollst\u00e4ndige Inhalte und insbesondere f\u00fcr Sch\u00e4den, die aus der Nutzung oder Nichtnutzung solcherart dargebotener Informationen entstehen, haftet allein der Anbieter der Seite, auf welche verwiesen wurde, nicht derjenige, der \u00fcber Links auf die jeweilige Ver\u00f6ffentlichung lediglich verweist.<\/p>\n<h3>Datenschutzerkl\u00e4rung:<\/h3>\n<p>Unsere Datenschutzerkl\u00e4rung finden Sie <a href=\"https:\/\/www.lebenlernen.com\/datenschutzerklaerung\/\">hier<\/a>.<\/p>\n","protected":false},"excerpt":{"rendered":"<p>&nbsp; Oskar K\u00e4mmer Schule Gemeinn\u00fctzige Bildungsgesellschaft mbH Jasperallee 23 38102 Braunschweig &nbsp; &nbsp; Tel.: 0531 2211-0 Fax: 0531 2211-150 E-Mail: info@oks.de &nbsp; &nbsp; Gesch\u00e4ftsf\u00fchrung: Doris Masurek Handelsregister: HR B4685 AGer Braunschweig Steuer-Nummer: 14\/203\/95103 Inhaltlich Verantwortlich: Ingolf F\u00f6lsch Oskar K\u00e4mmer Schule Jasperallee 23 38102 Braunschweig Urheberrecht: Copyright 2018 LebenLernen. Alle Rechte vorbehalten. Der Inhalt einschlie\u00dflich Bilder<\/p>\n<div><a class=\"btn-filled btn\" href=\"https:\/\/www.lebenlernen.com\/sek_magdeburg\/kontakt\/impressum\/\" title=\"Impressum\">Read More<\/a><\/div>\n","protected":false},"author":1,"featured_media":0,"parent":28,"menu_order":8,"comment_status":"closed","ping_status":"closed","template":"","meta":{"ngg_post_thumbnail":0,"footnotes":""},"class_list":["post-25","page","type-page","status-publish","hentry"],"_links":{"self":[{"href":"https:\/\/www.lebenlernen.com\/sek_magdeburg\/wp-json\/wp\/v2\/pages\/25","targetHints":{"allow":["GET"]}}],"collection":[{"href":"https:\/\/www.lebenlernen.com\/sek_magdeburg\/wp-json\/wp\/v2\/pages"}],"about":[{"href":"https:\/\/www.lebenlernen.com\/sek_magdeburg\/wp-json\/wp\/v2\/types\/page"}],"author":[{"embeddable":true,"href":"https:\/\/www.lebenlernen.com\/sek_magdeburg\/wp-json\/wp\/v2\/users\/1"}],"replies":[{"embeddable":true,"href":"https:\/\/www.lebenlernen.com\/sek_magdeburg\/wp-json\/wp\/v2\/comments?post=25"}],"version-history":[{"count":0,"href":"https:\/\/www.lebenlernen.com\/sek_magdeburg\/wp-json\/wp\/v2\/pages\/25\/revisions"}],"up":[{"embeddable":true,"href":"https:\/\/www.lebenlernen.com\/sek_magdeburg\/wp-json\/wp\/v2\/pages\/28"}],"wp:attachment":[{"href":"https:\/\/www.lebenlernen.com\/sek_magdeburg\/wp-json\/wp\/v2\/media?parent=25"}],"curies":[{"name":"wp","href":"https:\/\/api.w.org\/{rel}","templated":true}]}}