{"id":50,"date":"2010-08-07T14:49:15","date_gmt":"2010-08-07T14:49:15","guid":{"rendered":"http:\/\/www.lebenlernen.com\/rs-braunschweig\/?page_id=50"},"modified":"2025-08-05T11:15:49","modified_gmt":"2025-08-05T11:15:49","slug":"coaches","status":"publish","type":"page","link":"https:\/\/www.lebenlernen.com\/rs_braunschweig\/unternehmen\/coaches\/","title":{"rendered":"Coaches"},"content":{"rendered":"<p>Die Funktion des Lehrers \u00e4ndert sich in unserer Schule LebenLernen\u00ae grundlegend. Weg vom \u201cWissensvermittler\u201d hin zum Lernassistenten des Sch\u00fclers, deshalb nennen wir ihn \u201cCoach\u201d. Die Coaches \u00fcbernehmen die Betreuung und Verantwortung f\u00fcr ihre Sch\u00fcler \u00fcber den gesamten Zeitraum der Sekundarstufe I von insgesamt 6 Jahren.<br \/>\nDie Aufgabe des Coaches besteht darin, dem Kind Hilfe zur Selbsthilfe zu geben. Der Sch\u00fcler steht im Mittelpunkt des Lerngeschehens und ist der aktive Teil seiner Lernfirma. Dabei ist es auf Unterst\u00fctzung angewiesen, auf Beratung und Feedback. Dauernd finden so Beratungsgespr\u00e4che zwischen Coach und Sch\u00fcler statt.<br \/>\nDa die Schule zugleich Arbeitsort ist, werden die Zusammenarbeit und die Kommunikation auf der Basis der permanenten gegenseitigen Verf\u00fcgbarkeit erheblich erleichtert. Probleme k\u00f6nnen \u201cambulant\u201d gel\u00f6st werden, und spezielle Inszenierungen wie Sonderkonferenzen o.\u00e4. sind nicht mehr n\u00f6tig.<br \/>\nDer Coach unterst\u00fctzt und ber\u00e4t den Sch\u00fcler bei der Definition seines w\u00f6chentlichen, monatlichen bzw. j\u00e4hrlichen Lernziels. Der Jugendliche dokumentiert \u00f6ffentlich in Pr\u00e4sentationen und\/oder in Lernerfolgskontrollen seinen individuellen Lernerfolg.<br \/>\nAnhand der individuellen Zielvereinbarung wei\u00df der Coach konkret, wo die St\u00e4rken und Schw\u00e4chen seines jeweiligen Sch\u00fclers liegen und welche Ma\u00dfnahmen n\u00f6tig sind, um seine F\u00e4higkeiten weiter zu entwickeln.<\/p>\n<p>&nbsp;<\/p>\n","protected":false},"excerpt":{"rendered":"<p>Die Funktion des Lehrers \u00e4ndert sich in unserer Schule LebenLernen\u00ae grundlegend. Weg vom \u201cWissensvermittler\u201d hin zum Lernassistenten des Sch\u00fclers, deshalb nennen wir ihn \u201cCoach\u201d. Die Coaches \u00fcbernehmen die Betreuung und Verantwortung f\u00fcr ihre Sch\u00fcler \u00fcber den gesamten Zeitraum der Sekundarstufe I von insgesamt 6 Jahren. Die Aufgabe des Coaches besteht darin, dem Kind Hilfe zur<\/p>\n<div><a class=\"btn-filled btn\" href=\"https:\/\/www.lebenlernen.com\/rs_braunschweig\/unternehmen\/coaches\/\" title=\"Coaches\">Read More<\/a><\/div>\n","protected":false},"author":1,"featured_media":0,"parent":8,"menu_order":0,"comment_status":"open","ping_status":"open","template":"","meta":{"_mc_calendar":[],"footnotes":""},"class_list":["post-50","page","type-page","status-publish","hentry"],"_links":{"self":[{"href":"https:\/\/www.lebenlernen.com\/rs_braunschweig\/wp-json\/wp\/v2\/pages\/50","targetHints":{"allow":["GET"]}}],"collection":[{"href":"https:\/\/www.lebenlernen.com\/rs_braunschweig\/wp-json\/wp\/v2\/pages"}],"about":[{"href":"https:\/\/www.lebenlernen.com\/rs_braunschweig\/wp-json\/wp\/v2\/types\/page"}],"author":[{"embeddable":true,"href":"https:\/\/www.lebenlernen.com\/rs_braunschweig\/wp-json\/wp\/v2\/users\/1"}],"replies":[{"embeddable":true,"href":"https:\/\/www.lebenlernen.com\/rs_braunschweig\/wp-json\/wp\/v2\/comments?post=50"}],"version-history":[{"count":1,"href":"https:\/\/www.lebenlernen.com\/rs_braunschweig\/wp-json\/wp\/v2\/pages\/50\/revisions"}],"predecessor-version":[{"id":7120,"href":"https:\/\/www.lebenlernen.com\/rs_braunschweig\/wp-json\/wp\/v2\/pages\/50\/revisions\/7120"}],"up":[{"embeddable":true,"href":"https:\/\/www.lebenlernen.com\/rs_braunschweig\/wp-json\/wp\/v2\/pages\/8"}],"wp:attachment":[{"href":"https:\/\/www.lebenlernen.com\/rs_braunschweig\/wp-json\/wp\/v2\/media?parent=50"}],"curies":[{"name":"wp","href":"https:\/\/api.w.org\/{rel}","templated":true}]}}